{"id":29468,"date":"2026-03-13T21:11:54","date_gmt":"2026-03-13T21:11:54","guid":{"rendered":"https:\/\/nestambientes.com.br\/?post_type=product&#038;p=29468"},"modified":"2026-03-18T23:32:25","modified_gmt":"2026-03-18T23:32:25","slug":"refrigerador-de-embutir-tramontina-frost-free-250-l-220","status":"publish","type":"product","link":"https:\/\/nestambientes.com.br\/?product=refrigerador-de-embutir-tramontina-frost-free-250-l-220","title":{"rendered":"Refrigerador de Embutir Tramontina Frost Free 250 L 220 V &#8211; Prateleiras de Vidro, Freezer 68 L, Economia de Energia, Compress\u00e3o Inverter"},"content":{"rendered":"<p>Design sofisticado para integra\u00e7\u00e3o total com a marcenaria da cozinha, garantindo um ambiente moderno e elegante. Possui <strong data-start=\"449\" data-end=\"483\">250 litros de capacidade total<\/strong>, com <strong data-start=\"489\" data-end=\"542\">168 litros no refrigerador e 68 litros no freezer<\/strong>, al\u00e9m de <strong data-start=\"552\" data-end=\"624\">prateleiras em vidro temperado, painel touch e tecnologia Frost Free<\/strong>. Conta com <strong data-start=\"636\" data-end=\"708\">compressor Inverter para maior efici\u00eancia e baixo consumo de energia<\/strong>, fun\u00e7\u00f5es de resfriamento e congelamento r\u00e1pido, al\u00e9m de <strong data-start=\"765\" data-end=\"785\">porta revers\u00edvel<\/strong>, que permite adapta\u00e7\u00e3o perfeita ao projeto da sua cozinha.<\/p>\n","protected":false},"excerpt":{"rendered":"<p>Design sofisticado para integra\u00e7\u00e3o total com a marcenaria da cozinha, garantindo um ambiente moderno e elegante. Possui <strong data-start=\"449\" data-end=\"483\">250 litros de capacidade total<\/strong>, com <strong data-start=\"489\" data-end=\"542\">168 litros no refrigerador e 68 litros no freezer<\/strong>, al\u00e9m de <strong data-start=\"552\" data-end=\"624\">prateleiras em vidro temperado, painel touch e tecnologia Frost Free<\/strong>. Conta com <strong data-start=\"636\" data-end=\"708\">compressor Inverter para maior efici\u00eancia e baixo consumo de energia<\/strong>, fun\u00e7\u00f5es de resfriamento e congelamento r\u00e1pido, al\u00e9m de <strong data-start=\"765\" data-end=\"785\">porta revers\u00edvel<\/strong>, que permite adapta\u00e7\u00e3o perfeita ao projeto da sua cozinha.<\/p>\n","protected":false},"featured_media":29541,"comment_status":"open","ping_status":"closed","template":"elementor_theme","meta":[],"product_brand":[359],"product_cat":[392,403],"product_tag":[404],"class_list":{"0":"post-29468","1":"product","2":"type-product","3":"status-publish","4":"has-post-thumbnail","6":"product_brand-tramontina","7":"product_cat-refrigeracao","8":"product_cat-refrigeradores","9":"product_tag-embutir","11":"first","12":"instock","13":"shipping-taxable","14":"purchasable","15":"product-type-simple"},"_links":{"self":[{"href":"https:\/\/nestambientes.com.br\/index.php?rest_route=\/wp\/v2\/product\/29468","targetHints":{"allow":["GET"]}}],"collection":[{"href":"https:\/\/nestambientes.com.br\/index.php?rest_route=\/wp\/v2\/product"}],"about":[{"href":"https:\/\/nestambientes.com.br\/index.php?rest_route=\/wp\/v2\/types\/product"}],"replies":[{"embeddable":true,"href":"https:\/\/nestambientes.com.br\/index.php?rest_route=%2Fwp%2Fv2%2Fcomments&post=29468"}],"version-history":[{"count":4,"href":"https:\/\/nestambientes.com.br\/index.php?rest_route=\/wp\/v2\/product\/29468\/revisions"}],"predecessor-version":[{"id":29477,"href":"https:\/\/nestambientes.com.br\/index.php?rest_route=\/wp\/v2\/product\/29468\/revisions\/29477"}],"wp:featuredmedia":[{"embeddable":true,"href":"https:\/\/nestambientes.com.br\/index.php?rest_route=\/wp\/v2\/media\/29541"}],"wp:attachment":[{"href":"https:\/\/nestambientes.com.br\/index.php?rest_route=%2Fwp%2Fv2%2Fmedia&parent=29468"}],"wp:term":[{"taxonomy":"product_brand","embeddable":true,"href":"https:\/\/nestambientes.com.br\/index.php?rest_route=%2Fwp%2Fv2%2Fproduct_brand&post=29468"},{"taxonomy":"product_cat","embeddable":true,"href":"https:\/\/nestambientes.com.br\/index.php?rest_route=%2Fwp%2Fv2%2Fproduct_cat&post=29468"},{"taxonomy":"product_tag","embeddable":true,"href":"https:\/\/nestambientes.com.br\/index.php?rest_route=%2Fwp%2Fv2%2Fproduct_tag&post=29468"}],"curies":[{"name":"wp","href":"https:\/\/api.w.org\/{rel}","templated":true}]}}